{"id":1254,"date":"2019-04-23T19:47:09","date_gmt":"2019-04-23T19:47:09","guid":{"rendered":"http:\/\/limagesrl.com.ar\/?post_type=product&#038;p=1254"},"modified":"2019-04-23T20:34:28","modified_gmt":"2019-04-23T20:34:28","slug":"sp-500","status":"publish","type":"product","link":"https:\/\/limagesrl.com.ar\/index.php\/producto\/sp-500\/","title":{"rendered":"SP 500"},"content":{"rendered":"","protected":false},"excerpt":{"rendered":"<p>La bomba de jeringa SP500 es un producto econ\u00f3mico que apunta a los usuarios dom\u00e9sticos, que se puede utilizar en cada departamento cl\u00ednico y pabell\u00f3n, puede controlar el \u00edndice de inyecci\u00f3n y el volumen gran rango y continuo, y ha cumplido completamente los diferentes requisitos de la cl\u00ednica moderna m\u00e9dica en varias ocasiones.<\/p>\n<a class=\"maxbutton-1 maxbutton maxbutton-desfri\" target=\"_blank\" rel=\"noopener\" href=\"http:\/\/limagesrl.com.ar\/wp-content\/uploads\/2019\/04\/BOMBA-SP500.pdf\"><span class='mb-text'>Ficha T\u00e9cnica<\/span><\/a>\n","protected":false},"featured_media":1259,"comment_status":"closed","ping_status":"closed","template":"","meta":[],"yoast_head":"<!-- This site is optimized with the Yoast SEO plugin v14.9 - https:\/\/yoast.com\/wordpress\/plugins\/seo\/ -->\n<title>SP 500 | Limage S.R.L<\/title>\n<meta name=\"robots\" content=\"index, follow, max-snippet:-1, max-image-preview:large, max-video-preview:-1\" \/>\n<link rel=\"canonical\" href=\"http:\/\/limagesrl.com.ar\/index.php\/producto\/sp-500\/\" \/>\n<meta property=\"og:locale\" content=\"es_ES\" \/>\n<meta property=\"og:type\" content=\"article\" \/>\n<meta property=\"og:title\" content=\"SP 500 | Limage S.R.L\" \/>\n<meta property=\"og:description\" content=\"La bomba de jeringa SP500 es un producto econ\u00f3mico que apunta a los usuarios dom\u00e9sticos, que se puede utilizar en cada departamento cl\u00ednico y pabell\u00f3n, puede controlar el \u00edndice de inyecci\u00f3n y el volumen gran rango y continuo, y ha cumplido completamente los diferentes requisitos de la cl\u00ednica moderna m\u00e9dica en varias ocasiones.\" \/>\n<meta property=\"og:url\" content=\"http:\/\/limagesrl.com.ar\/index.php\/producto\/sp-500\/\" \/>\n<meta property=\"og:site_name\" content=\"Limage S.R.L\" \/>\n<meta property=\"article:modified_time\" content=\"2019-04-23T20:34:28+00:00\" \/>\n<meta property=\"og:image\" content=\"https:\/\/limagesrl.com.ar\/wp-content\/uploads\/2019\/04\/SP5002.jpeg\" \/>\n\t<meta property=\"og:image:width\" content=\"475\" \/>\n\t<meta property=\"og:image:height\" content=\"408\" \/>\n<meta name=\"twitter:card\" content=\"summary_large_image\" \/>\n<script type=\"application\/ld+json\" class=\"yoast-schema-graph\">{\"@context\":\"https:\/\/schema.org\",\"@graph\":[{\"@type\":\"WebSite\",\"@id\":\"https:\/\/limagesrl.com.ar\/#website\",\"url\":\"https:\/\/limagesrl.com.ar\/\",\"name\":\"Limage S.R.L\",\"description\":\"Tecnologia Medica\",\"potentialAction\":[{\"@type\":\"SearchAction\",\"target\":\"https:\/\/limagesrl.com.ar\/?s={search_term_string}\",\"query-input\":\"required name=search_term_string\"}],\"inLanguage\":\"es-AR\"},{\"@type\":\"ImageObject\",\"@id\":\"http:\/\/limagesrl.com.ar\/index.php\/producto\/sp-500\/#primaryimage\",\"inLanguage\":\"es-AR\",\"url\":\"https:\/\/limagesrl.com.ar\/wp-content\/uploads\/2019\/04\/SP5002.jpeg\",\"width\":475,\"height\":408},{\"@type\":\"WebPage\",\"@id\":\"http:\/\/limagesrl.com.ar\/index.php\/producto\/sp-500\/#webpage\",\"url\":\"http:\/\/limagesrl.com.ar\/index.php\/producto\/sp-500\/\",\"name\":\"SP 500 | Limage S.R.L\",\"isPartOf\":{\"@id\":\"https:\/\/limagesrl.com.ar\/#website\"},\"primaryImageOfPage\":{\"@id\":\"http:\/\/limagesrl.com.ar\/index.php\/producto\/sp-500\/#primaryimage\"},\"datePublished\":\"2019-04-23T19:47:09+00:00\",\"dateModified\":\"2019-04-23T20:34:28+00:00\",\"inLanguage\":\"es-AR\",\"potentialAction\":[{\"@type\":\"ReadAction\",\"target\":[\"http:\/\/limagesrl.com.ar\/index.php\/producto\/sp-500\/\"]}]}]}<\/script>\n<!-- \/ Yoast SEO plugin. -->","amp_enabled":true,"_links":{"self":[{"href":"https:\/\/limagesrl.com.ar\/index.php\/wp-json\/wp\/v2\/product\/1254"}],"collection":[{"href":"https:\/\/limagesrl.com.ar\/index.php\/wp-json\/wp\/v2\/product"}],"about":[{"href":"https:\/\/limagesrl.com.ar\/index.php\/wp-json\/wp\/v2\/types\/product"}],"replies":[{"embeddable":true,"href":"https:\/\/limagesrl.com.ar\/index.php\/wp-json\/wp\/v2\/comments?post=1254"}],"wp:featuredmedia":[{"embeddable":true,"href":"https:\/\/limagesrl.com.ar\/index.php\/wp-json\/wp\/v2\/media\/1259"}],"wp:attachment":[{"href":"https:\/\/limagesrl.com.ar\/index.php\/wp-json\/wp\/v2\/media?parent=1254"}],"curies":[{"name":"wp","href":"https:\/\/api.w.org\/{rel}","templated":true}]}}