{"id":780,"date":"2018-08-01T15:44:01","date_gmt":"2018-08-01T18:44:01","guid":{"rendered":"http:\/\/limagesrl.com.ar\/?post_type=product&#038;p=780"},"modified":"2018-10-09T08:15:17","modified_gmt":"2018-10-09T11:15:17","slug":"cms7000","status":"publish","type":"product","link":"https:\/\/limagesrl.com.ar\/index.php\/producto\/cms7000\/","title":{"rendered":"CMS7000"},"content":{"rendered":"","protected":false},"excerpt":{"rendered":"<p>Monitor multiparametrico para el seguimiento cl\u00ednico de adultos, pedi\u00e1tricos y neonatos. Monitorea los 5 parametros basicos ECG, SPo2, TEMP, NIBP, Frec. Resp y se le puede incorporar los modulos de IBP ( doble) y CO2. Bater\u00eda incorporada as\u00ed facilita el transporte del paciente. Gran pantalla de 12,1&#8243; de alta resoluci\u00f3n proporciona una vista clara de 7 formas de onda y los par\u00e1metros de control completo.<br \/>\n<a class=\"maxbutton-1 maxbutton maxbutton-desfri\" target=\"_blank\" rel=\"noopener\" href=\"http:\/\/limagesrl.com.ar\/wp-content\/uploads\/2018\/10\/Monitores-Multiparametricos-CMS8000.pdf\"><span class='mb-text'>Ficha T\u00e9cnica<\/span><\/a><\/p>\n","protected":false},"featured_media":1079,"comment_status":"closed","ping_status":"closed","template":"","meta":[],"yoast_head":"<!-- This site is optimized with the Yoast SEO plugin v14.9 - https:\/\/yoast.com\/wordpress\/plugins\/seo\/ -->\n<title>CMS7000 | Limage S.R.L<\/title>\n<meta name=\"robots\" content=\"index, follow, max-snippet:-1, max-image-preview:large, max-video-preview:-1\" \/>\n<link rel=\"canonical\" href=\"http:\/\/limagesrl.com.ar\/index.php\/producto\/cms7000\/\" \/>\n<meta property=\"og:locale\" content=\"es_ES\" \/>\n<meta property=\"og:type\" content=\"article\" \/>\n<meta property=\"og:title\" content=\"CMS7000 | Limage S.R.L\" \/>\n<meta property=\"og:description\" content=\"Monitor multiparametrico para el seguimiento cl\u00ednico de adultos, pedi\u00e1tricos y neonatos. Monitorea los 5 parametros basicos ECG, SPo2, TEMP, NIBP, Frec. Resp y se le puede incorporar los modulos de IBP ( doble) y CO2. Bater\u00eda incorporada as\u00ed facilita el transporte del paciente. Gran pantalla de 12,1&quot; de alta resoluci\u00f3n proporciona una vista clara de 7 formas de onda y los par\u00e1metros de control completo.\" \/>\n<meta property=\"og:url\" content=\"http:\/\/limagesrl.com.ar\/index.php\/producto\/cms7000\/\" \/>\n<meta property=\"og:site_name\" content=\"Limage S.R.L\" \/>\n<meta property=\"article:modified_time\" content=\"2018-10-09T11:15:17+00:00\" \/>\n<meta property=\"og:image\" content=\"https:\/\/limagesrl.com.ar\/wp-content\/uploads\/2018\/08\/CMS7000.png\" \/>\n\t<meta property=\"og:image:width\" content=\"475\" \/>\n\t<meta property=\"og:image:height\" content=\"317\" \/>\n<meta name=\"twitter:card\" content=\"summary_large_image\" \/>\n<script type=\"application\/ld+json\" class=\"yoast-schema-graph\">{\"@context\":\"https:\/\/schema.org\",\"@graph\":[{\"@type\":\"WebSite\",\"@id\":\"https:\/\/limagesrl.com.ar\/#website\",\"url\":\"https:\/\/limagesrl.com.ar\/\",\"name\":\"Limage S.R.L\",\"description\":\"Tecnologia Medica\",\"potentialAction\":[{\"@type\":\"SearchAction\",\"target\":\"https:\/\/limagesrl.com.ar\/?s={search_term_string}\",\"query-input\":\"required name=search_term_string\"}],\"inLanguage\":\"es-AR\"},{\"@type\":\"ImageObject\",\"@id\":\"http:\/\/limagesrl.com.ar\/index.php\/producto\/cms7000\/#primaryimage\",\"inLanguage\":\"es-AR\",\"url\":\"https:\/\/limagesrl.com.ar\/wp-content\/uploads\/2018\/08\/CMS7000.png\",\"width\":475,\"height\":317},{\"@type\":\"WebPage\",\"@id\":\"http:\/\/limagesrl.com.ar\/index.php\/producto\/cms7000\/#webpage\",\"url\":\"http:\/\/limagesrl.com.ar\/index.php\/producto\/cms7000\/\",\"name\":\"CMS7000 | Limage S.R.L\",\"isPartOf\":{\"@id\":\"https:\/\/limagesrl.com.ar\/#website\"},\"primaryImageOfPage\":{\"@id\":\"http:\/\/limagesrl.com.ar\/index.php\/producto\/cms7000\/#primaryimage\"},\"datePublished\":\"2018-08-01T18:44:01+00:00\",\"dateModified\":\"2018-10-09T11:15:17+00:00\",\"inLanguage\":\"es-AR\",\"potentialAction\":[{\"@type\":\"ReadAction\",\"target\":[\"http:\/\/limagesrl.com.ar\/index.php\/producto\/cms7000\/\"]}]}]}<\/script>\n<!-- \/ Yoast SEO plugin. -->","amp_enabled":true,"_links":{"self":[{"href":"https:\/\/limagesrl.com.ar\/index.php\/wp-json\/wp\/v2\/product\/780"}],"collection":[{"href":"https:\/\/limagesrl.com.ar\/index.php\/wp-json\/wp\/v2\/product"}],"about":[{"href":"https:\/\/limagesrl.com.ar\/index.php\/wp-json\/wp\/v2\/types\/product"}],"replies":[{"embeddable":true,"href":"https:\/\/limagesrl.com.ar\/index.php\/wp-json\/wp\/v2\/comments?post=780"}],"wp:featuredmedia":[{"embeddable":true,"href":"https:\/\/limagesrl.com.ar\/index.php\/wp-json\/wp\/v2\/media\/1079"}],"wp:attachment":[{"href":"https:\/\/limagesrl.com.ar\/index.php\/wp-json\/wp\/v2\/media?parent=780"}],"curies":[{"name":"wp","href":"https:\/\/api.w.org\/{rel}","templated":true}]}}