{"id":813,"date":"2018-08-01T17:40:41","date_gmt":"2018-08-01T20:40:41","guid":{"rendered":"http:\/\/limagesrl.com.ar\/?post_type=product&#038;p=813"},"modified":"2018-10-09T11:06:50","modified_gmt":"2018-10-09T14:06:50","slug":"sp-900","status":"publish","type":"product","link":"https:\/\/limagesrl.com.ar\/index.php\/producto\/sp-900\/","title":{"rendered":"SP 900"},"content":{"rendered":"","protected":false},"excerpt":{"rendered":"<p>SP900: Utiliza todas los jeringas est\u00e1ndar de 10 ml\/20ml\/50ml. Diagnostica el tama\u00f1o de la jeringa de forma autom\u00e1tica y con un\u00a0 simple ajuste se garantiza una segura aplicaci\u00f3n.<\/p>\n<ul>\n<li>Excelente funci\u00f3n de inyecci\u00f3n y operaci\u00f3n. Incluso inyecciones de peque\u00f1o volumen.<\/li>\n<li>Sistema de doble CPU asegura un proceso de inyecci\u00f3n seguro y confiable.<\/li>\n<li>Impulsado por un motor de precisi\u00f3n de bajo promedio de inyecci\u00f3n.<\/li>\n<li>Sensor exacto y sensible a la presi\u00f3n,\u00a0 detecta la\u00a0 oclusi\u00f3n con precisi\u00f3n<\/li>\n<li>Las alarmas se dan en caso de mal funcionamiento \u00a0o error de operaci\u00f3n que\u00a0 detiene la m\u00e1quina autom\u00e1ticamente.<\/li>\n<\/ul>\n<a class=\"maxbutton-1 maxbutton maxbutton-desfri\" target=\"_blank\" rel=\"noopener\" href=\"http:\/\/limagesrl.com.ar\/wp-content\/uploads\/2018\/10\/Bombas-de-Infusi\u00f3n-y-Perfusi\u00f3n-SP-950.pdf\"><span class='mb-text'>Ficha T\u00e9cnica<\/span><\/a>\n","protected":false},"featured_media":1151,"comment_status":"closed","ping_status":"closed","template":"","meta":[],"yoast_head":"<!-- This site is optimized with the Yoast SEO plugin v14.9 - https:\/\/yoast.com\/wordpress\/plugins\/seo\/ -->\n<title>SP 900 | Limage S.R.L<\/title>\n<meta name=\"robots\" content=\"index, follow, max-snippet:-1, max-image-preview:large, max-video-preview:-1\" \/>\n<link rel=\"canonical\" href=\"http:\/\/limagesrl.com.ar\/index.php\/producto\/sp-900\/\" \/>\n<meta property=\"og:locale\" content=\"es_ES\" \/>\n<meta property=\"og:type\" content=\"article\" \/>\n<meta property=\"og:title\" content=\"SP 900 | Limage S.R.L\" \/>\n<meta property=\"og:description\" content=\"SP900: Utiliza todas los jeringas est\u00e1ndar de 10 ml\/20ml\/50ml. Diagnostica el tama\u00f1o de la jeringa de forma autom\u00e1tica y con un\u00a0 simple ajuste se garantiza una segura aplicaci\u00f3n.   Excelente funci\u00f3n de inyecci\u00f3n y operaci\u00f3n. Incluso inyecciones de peque\u00f1o volumen.  Sistema de doble CPU asegura un proceso de inyecci\u00f3n seguro y confiable.  Impulsado por un motor de precisi\u00f3n de bajo promedio de inyecci\u00f3n.  Sensor exacto y sensible a la presi\u00f3n,\u00a0 detecta la\u00a0 oclusi\u00f3n con precisi\u00f3n  Las alarmas se dan en caso de mal funcionamiento \u00a0o error de operaci\u00f3n que\u00a0 detiene la m\u00e1quina autom\u00e1ticamente.\" \/>\n<meta property=\"og:url\" content=\"http:\/\/limagesrl.com.ar\/index.php\/producto\/sp-900\/\" \/>\n<meta property=\"og:site_name\" content=\"Limage S.R.L\" \/>\n<meta property=\"article:modified_time\" content=\"2018-10-09T14:06:50+00:00\" \/>\n<meta property=\"og:image\" content=\"https:\/\/limagesrl.com.ar\/wp-content\/uploads\/2018\/08\/SP900.jpg\" \/>\n\t<meta property=\"og:image:width\" content=\"475\" \/>\n\t<meta property=\"og:image:height\" content=\"408\" \/>\n<meta name=\"twitter:card\" content=\"summary_large_image\" \/>\n<script type=\"application\/ld+json\" class=\"yoast-schema-graph\">{\"@context\":\"https:\/\/schema.org\",\"@graph\":[{\"@type\":\"WebSite\",\"@id\":\"https:\/\/limagesrl.com.ar\/#website\",\"url\":\"https:\/\/limagesrl.com.ar\/\",\"name\":\"Limage S.R.L\",\"description\":\"Tecnologia Medica\",\"potentialAction\":[{\"@type\":\"SearchAction\",\"target\":\"https:\/\/limagesrl.com.ar\/?s={search_term_string}\",\"query-input\":\"required name=search_term_string\"}],\"inLanguage\":\"es-AR\"},{\"@type\":\"ImageObject\",\"@id\":\"http:\/\/limagesrl.com.ar\/index.php\/producto\/sp-900\/#primaryimage\",\"inLanguage\":\"es-AR\",\"url\":\"https:\/\/limagesrl.com.ar\/wp-content\/uploads\/2018\/08\/SP900.jpg\",\"width\":475,\"height\":408},{\"@type\":\"WebPage\",\"@id\":\"http:\/\/limagesrl.com.ar\/index.php\/producto\/sp-900\/#webpage\",\"url\":\"http:\/\/limagesrl.com.ar\/index.php\/producto\/sp-900\/\",\"name\":\"SP 900 | Limage S.R.L\",\"isPartOf\":{\"@id\":\"https:\/\/limagesrl.com.ar\/#website\"},\"primaryImageOfPage\":{\"@id\":\"http:\/\/limagesrl.com.ar\/index.php\/producto\/sp-900\/#primaryimage\"},\"datePublished\":\"2018-08-01T20:40:41+00:00\",\"dateModified\":\"2018-10-09T14:06:50+00:00\",\"inLanguage\":\"es-AR\",\"potentialAction\":[{\"@type\":\"ReadAction\",\"target\":[\"http:\/\/limagesrl.com.ar\/index.php\/producto\/sp-900\/\"]}]}]}<\/script>\n<!-- \/ Yoast SEO plugin. -->","amp_enabled":true,"_links":{"self":[{"href":"https:\/\/limagesrl.com.ar\/index.php\/wp-json\/wp\/v2\/product\/813"}],"collection":[{"href":"https:\/\/limagesrl.com.ar\/index.php\/wp-json\/wp\/v2\/product"}],"about":[{"href":"https:\/\/limagesrl.com.ar\/index.php\/wp-json\/wp\/v2\/types\/product"}],"replies":[{"embeddable":true,"href":"https:\/\/limagesrl.com.ar\/index.php\/wp-json\/wp\/v2\/comments?post=813"}],"wp:featuredmedia":[{"embeddable":true,"href":"https:\/\/limagesrl.com.ar\/index.php\/wp-json\/wp\/v2\/media\/1151"}],"wp:attachment":[{"href":"https:\/\/limagesrl.com.ar\/index.php\/wp-json\/wp\/v2\/media?parent=813"}],"curies":[{"name":"wp","href":"https:\/\/api.w.org\/{rel}","templated":true}]}}