{"id":841,"date":"2018-08-01T19:07:11","date_gmt":"2018-08-01T22:07:11","guid":{"rendered":"http:\/\/limagesrl.com.ar\/?post_type=product&#038;p=841"},"modified":"2018-10-09T13:03:09","modified_gmt":"2018-10-09T16:03:09","slug":"cms-50qa-cms50qb-oximetro-de-pulso-pediatrico","status":"publish","type":"product","link":"https:\/\/limagesrl.com.ar\/index.php\/producto\/cms-50qa-cms50qb-oximetro-de-pulso-pediatrico\/","title":{"rendered":"CMS 50QA \/ CMS50QB Ox\u00edmetro de Pulso Pedi\u00e1trico"},"content":{"rendered":"","protected":false},"excerpt":{"rendered":"<p><div class=\"gca-column one-half first\">CMS 50QA<br \/>\nOx\u00edmetro de pulso de peque\u00f1o tama\u00f1o, para uso pedi\u00e1trico, pantalla blanco y negro, bajo consumo de energ\u00eda y operaci\u00f3n simple. S\u00f3lo es necesario que el paciente ponga un dedo en el sensor fotoel\u00e9ctrico para el diagn\u00f3stico y la pantalla mostrar\u00e1 directamente el valor de SpO2<\/div><br \/>\n<div class=\"gca-column one-half\">CMS 50QB<br \/>\nOx\u00edmetro de pulso de peque\u00f1o tama\u00f1o, para uso pedi\u00e1trico, pantalla color, bajo consumo de energ\u00eda y operaci\u00f3n simple. S\u00f3lo es necesario que el paciente ponga un dedo en el sensor fotoel\u00e9ctrico para el diagn\u00f3stico y la pantalla mostrar\u00e1 directamente el valor de SpO2<\/div><\/p>\n<a class=\"maxbutton-1 maxbutton maxbutton-desfri\" target=\"_blank\" rel=\"noopener\" href=\"http:\/\/limagesrl.com.ar\/wp-content\/uploads\/2018\/10\/Oximetros-Contec-1.jpg\"><span class='mb-text'>Ficha T\u00e9cnica<\/span><\/a>\n","protected":false},"featured_media":972,"comment_status":"closed","ping_status":"closed","template":"","meta":[],"yoast_head":"<!-- This site is optimized with the Yoast SEO plugin v14.9 - https:\/\/yoast.com\/wordpress\/plugins\/seo\/ -->\n<title>CMS 50QA \/ CMS50QB Ox\u00edmetro de Pulso Pedi\u00e1trico | Limage S.R.L<\/title>\n<meta name=\"robots\" content=\"index, follow, max-snippet:-1, max-image-preview:large, max-video-preview:-1\" \/>\n<link rel=\"canonical\" href=\"http:\/\/limagesrl.com.ar\/index.php\/producto\/cms-50qa-cms50qb-oximetro-de-pulso-pediatrico\/\" \/>\n<meta property=\"og:locale\" content=\"es_ES\" \/>\n<meta property=\"og:type\" content=\"article\" \/>\n<meta property=\"og:title\" content=\"CMS 50QA \/ CMS50QB Ox\u00edmetro de Pulso Pedi\u00e1trico | Limage S.R.L\" \/>\n<meta property=\"og:url\" content=\"http:\/\/limagesrl.com.ar\/index.php\/producto\/cms-50qa-cms50qb-oximetro-de-pulso-pediatrico\/\" \/>\n<meta property=\"og:site_name\" content=\"Limage S.R.L\" \/>\n<meta property=\"article:modified_time\" content=\"2018-10-09T16:03:09+00:00\" \/>\n<meta property=\"og:image\" content=\"https:\/\/limagesrl.com.ar\/wp-content\/uploads\/2018\/08\/IMG_1565.jpg\" \/>\n\t<meta property=\"og:image:width\" content=\"5184\" \/>\n\t<meta property=\"og:image:height\" content=\"3456\" \/>\n<meta name=\"twitter:card\" content=\"summary_large_image\" \/>\n<script type=\"application\/ld+json\" class=\"yoast-schema-graph\">{\"@context\":\"https:\/\/schema.org\",\"@graph\":[{\"@type\":\"WebSite\",\"@id\":\"https:\/\/limagesrl.com.ar\/#website\",\"url\":\"https:\/\/limagesrl.com.ar\/\",\"name\":\"Limage S.R.L\",\"description\":\"Tecnologia Medica\",\"potentialAction\":[{\"@type\":\"SearchAction\",\"target\":\"https:\/\/limagesrl.com.ar\/?s={search_term_string}\",\"query-input\":\"required name=search_term_string\"}],\"inLanguage\":\"es-AR\"},{\"@type\":\"ImageObject\",\"@id\":\"http:\/\/limagesrl.com.ar\/index.php\/producto\/cms-50qa-cms50qb-oximetro-de-pulso-pediatrico\/#primaryimage\",\"inLanguage\":\"es-AR\",\"url\":\"https:\/\/limagesrl.com.ar\/wp-content\/uploads\/2018\/08\/IMG_1565.jpg\",\"width\":5184,\"height\":3456},{\"@type\":\"WebPage\",\"@id\":\"http:\/\/limagesrl.com.ar\/index.php\/producto\/cms-50qa-cms50qb-oximetro-de-pulso-pediatrico\/#webpage\",\"url\":\"http:\/\/limagesrl.com.ar\/index.php\/producto\/cms-50qa-cms50qb-oximetro-de-pulso-pediatrico\/\",\"name\":\"CMS 50QA \/ CMS50QB Ox\\u00edmetro de Pulso Pedi\\u00e1trico | Limage S.R.L\",\"isPartOf\":{\"@id\":\"https:\/\/limagesrl.com.ar\/#website\"},\"primaryImageOfPage\":{\"@id\":\"http:\/\/limagesrl.com.ar\/index.php\/producto\/cms-50qa-cms50qb-oximetro-de-pulso-pediatrico\/#primaryimage\"},\"datePublished\":\"2018-08-01T22:07:11+00:00\",\"dateModified\":\"2018-10-09T16:03:09+00:00\",\"inLanguage\":\"es-AR\",\"potentialAction\":[{\"@type\":\"ReadAction\",\"target\":[\"http:\/\/limagesrl.com.ar\/index.php\/producto\/cms-50qa-cms50qb-oximetro-de-pulso-pediatrico\/\"]}]}]}<\/script>\n<!-- \/ Yoast SEO plugin. -->","amp_enabled":true,"_links":{"self":[{"href":"https:\/\/limagesrl.com.ar\/index.php\/wp-json\/wp\/v2\/product\/841"}],"collection":[{"href":"https:\/\/limagesrl.com.ar\/index.php\/wp-json\/wp\/v2\/product"}],"about":[{"href":"https:\/\/limagesrl.com.ar\/index.php\/wp-json\/wp\/v2\/types\/product"}],"replies":[{"embeddable":true,"href":"https:\/\/limagesrl.com.ar\/index.php\/wp-json\/wp\/v2\/comments?post=841"}],"wp:featuredmedia":[{"embeddable":true,"href":"https:\/\/limagesrl.com.ar\/index.php\/wp-json\/wp\/v2\/media\/972"}],"wp:attachment":[{"href":"https:\/\/limagesrl.com.ar\/index.php\/wp-json\/wp\/v2\/media?parent=841"}],"curies":[{"name":"wp","href":"https:\/\/api.w.org\/{rel}","templated":true}]}}